e units digit of 1999?
9
What is the ten thousands digit of 10065?
1
What is the units digit of 1936?
6
What is the ten thousands digit of 38320?
3
What is the thousands digit of 2221?
2
What is the hundreds digit of 2102?
1
What is the tens digit of 116960?
6
What is the hundreds digit of 736?
7
What is the units digit of 12270?
0
What is the units digit of 59213?
3
What is the tens digit of 5536?
3
What is the thousands digit of 12860?
2
What is the tens digit of 1591?
9
What is the tens digit of 4363?
6
What is the tens digit of 1555?
5
What is the units digit of 29903?
3
What is the units digit of 24778?
8
What is the hundreds digit of 5336?
3
What is the tens digit of 2174?
7
What is the ten thousands digit of 14080?
1
What is the tens digit of 3629?
2
What is the units digit of 3265?
5
What is the units digit of 47492?
2
What is the units digit of 1443?
3
What is the thousands digit of 18843?
8
What is the thousands digit of 1000?
1
What is the units digit of 1372?
2
What is the units digit of 556?
6
What is the thousands digit of 4667?
4
What is the ten thousands digit of 86730?
8
What is the hundreds digit of 8396?
3
What is the units digit of 3091?
1
What is the units digit of 10415?
5
What is the hundreds digit of 3884?
8
What is the units digit of 3682?
2
What is the units digit of 53033?
3
What is the hundreds digit of 19518?
5
What is the hundreds digit of 10441?
4
What is the units digit of 472?
2
What is the ten thousands digit of 10291?
1
What is the ten thousands digit of 60981?
6
What is the tens digit of 469?
6
What is the hundreds digit of 49531?
5
What is the hundreds digit of 1357?
3
What is the hundreds digit of 23726?
7
What is the units digit of 37379?
9
What is the thousands digit of 15679?
5
What is the hundreds digit of 642?
6
What is the hundreds digit of 388?
3
What is the ten thousands digit of 53150?
5
What is the units digit of 11242?
2
What is the units digit of 646?
6
What is the hundreds digit of 214?
2
What is the units digit of 470?
0
What is the tens digit of 42695?
9
What is the units digit of 44881?
1
What is the tens digit of 6538?
3
What is the units digit of 21565?
5
What is the hundreds digit of 351?
3
What is the units digit of 15250?
0
What is the units digit of 3879?
9
What is the hundreds digit of 83526?
5
What is the tens digit of 2749?
4
What is the thousands digit of 1098?
1
What is the units digit of 16650?
0
What is the hundreds digit of 4408?
4
What is the hundreds digit of 5703?
7
What is the hundreds digit of 2488?
4
What is the hundreds digit of 55035?
0
What is the thousands digit of 1932?
1
What is the tens digit of 2056?
5
What is the units digit of 20115?
5
What is the tens digit of 763?
6
What is the hundreds digit of 3315?
3
What is the units digit of 31788?
8
What is the tens digit of 2310?
1
What is the units digit of 59191?
1
What is the thousands digit of 4360?
4
What is the thousands digit of 39363?
9
What is the units digit of 2273?
3
What is the thousands digit of 2516?
2
What is the hundreds digit of 6685?
6
What is the hundreds digit of 1967?
9
What is the thousands digit of 4176?
4
What is the thousands digit of 6149?
6
What is the units digit of 37361?
1
What is the tens digit of 13120?
2
What is the tens digit of 94195?
9
What is the units digit of 24445?
5
What is the units digit of 926?
6
What is the hundreds digit of 5558?
5
What is the hundreds digit of 30971?
9
What is the thousands digit of 5960?
5
What is the ten thousands digit of 41062?
4
What is the thousands digit of 15891?
5
What is the units digit of 749?
9
What is the hundreds digit of 44647?
6
What is the ten thousands digit of 19953?
1
What is the tens digit of 29735?
3
What is the thousands digit of 11817?
1
What is the hundreds digit of 728?
7
What is the tens digit of 745?
4
What is the units digit of 65118?
8
What is the hundreds digit of 8992?
9
What is the units digit of 20857?
7
What is the units digit of 22158?
8
What is the hundreds digit of 2418?
4
What is the ten thousands digit of 22810?
2
What is the units digit of 25976?
6
What is the units digit of 32514?
4
What is the units digit of 8036?
6
What is the ten thousands digit of 61080?
6
What is the tens digit of 451?
5
What is the tens digit of 1606?
0
What is the tens digit of 1738?
3
What is the hundreds digit of 12395?
3
What is the tens digit of 4722?
2
What is the units digit of 6510?
0
What is the hundreds digit of 8606?
6
What is the units digit of 53000?
0
What is the tens digit of 14372?
7
What is the units digit of 26928?
8
What is the units digit of 56833?
3
What is the tens digit of 6136?
3
What is the units digit of 41689?
9
What is the tens digit of 388?
8
What is the hundreds digit of 1641?
6
What is the units digit of 141693?
3
What is the thousands digit of 1125?
1
What is the thousands digit of 2709?
2
What is the tens digit of 25455?
5
What is the units digit of 2570?
0
What is the thousands digit of 34431?
4
What is the thousands digit of 80387?
0
What is the units digit of 913?
3
What is the hundreds digit of 15858?
8
What is the ten thousands digit of 32903?
3
What is the tens digit of 7577?
7
What is the units digit of 1684?
4
What is the units digit of 14588?
8
What is the ten thousands digit of 23154?
2
What is the units digit of 4679?
9
What is the ten thousands digit of 83247?
8
What is the hundreds digit of 5195?
1
What is the units digit of 24383?
3
What is the tens digit of 39706?
0
What is the thousands digit of 15994?
5
What is the thousands digit of 8599?
8
What is the hundreds digit of 1113?
1
What is the tens digit of 12918?
1
What is the tens digit of 6739?
3
What is the hundreds digit of 4853?
8
What is the units digit of 18360?
0
What is the tens digit of 1968?
6
What is the tens digit of 570?
7
What is the tens digit of 1340?
4
What is the units digit of 8499?
9
What is the hundred thousands digit of 118930?
1
What is the tens digit of 283?
8
What is the ten thousands digit of 35139?
3
What is the hundreds digit of 1470?
4
What is the tens digit of 1094?
9
What is the hundreds digit of 2033?
0
What is the ten thousands digit of 28995?
2
What is the tens digit of 1696?
9
What is the thousands digit of 3208?
3
What is the thousands digit of 7077?
7
What is the tens digit of 72?
7
What is the tens digit of 831?
3
What is the hundreds digit of 1525?
5
What is the thousands digit of 131504?
1
What is the tens digit of 653?
5
What is the thousands digit of 51507?
1
What is the hundreds digit of 20597?
5
What is the units digit of 2614?
4
What is the units digit of 475?
5
What is the tens digit of 3949?
4
What is the hundreds digit of 9851?
8
What is the hundreds digit of 3820?
8
What is the units digit of 44221?
1
What is the units digit of 264?
4
What is the hundreds digit of 3783?
7
What is the thousands digit of 5535?
5
What is the thousands digit of 12676?
2
What is the hundreds digit of 59648?
6
What is the hundreds digit of 479?
4
What is the units digit of 90?
0
What is the units digit of 2128?
8
What is the units digit of 6773?
3
What is the thousands digit of 27691?
7
What is the tens digit of 1606?
0
What is the units digit of 2016?
6
What is the ten thousands digit of 33354?
3
What is the hundreds digit of 1282?
2
What is the units digit of 159?
9
What is the hundreds digit of 65759?
7
What is the ten thousands digit of 155598?
5
What is the tens digit of 23655?
5
What is the hundreds digit of 534?
5
What is the ten thousands digit of 75597?
7
What is the tens digit of 469?
6
What is the units digit of 64170?
0
What is the units digit of 493?
3
What is the tens digit of 22491?
9
What is the hundreds digit of 836?
8
What is the tens digit of 6538?
3
What is the hundreds digit of 3046?
0
What is the tens digit of 942?
4
What is the thousands digit of 3914?
3
What is the hundreds digit of 3240?
2
What is the hundreds digit of 2204?
2
What is the thousands digit of 6218?
6
What is the units digit of 76?
6
What is the hundreds digit of 6226?
2
What is the hundreds digit of 616?
6
What is the tens digit of 3285?
8
What is the hundreds digit of 16824?
8
What is the tens digit of 879?
7
What is the units digit of 203?
3
What is the units digit of 6883?
3
What is the thousands digit of 22790?
2
What i